
-12
Let o = -141 - -147. Let d(c) = c**3 - 5*c**2 - 2*c - 4. Calculate d(o).
20
Let h = -27 + 29. Let v(o) = 2 + 421*o - 422*o - 1. Calculate v(h).
-1
Suppose 7*h + 1931 = 1973. Let y(a) = 14*a - 76. Give y(h).
8
Let q = -9 + 12. Let c(v) = -2*v**3 - 2 + 3*v + 8*v**2 + q*v**3 - 3*v**2 + 1. Calculate c(-4).
3
Let n(a) = -10*a - a**2 - 7 - 4 + 6 + 6. Give n(-7).
22
Let j(d) = -2*d + d**3 + 62*d**2 + 0 - 4 + 7 - 65*d**2. Calculate j(4).
11
Let m(z) be the second derivative of z**5/20 + 3*z**4/4 + z**3/3 + 9*z**2/2 - 2*z + 3. What is m(-9)?
-9
Let k be (4 + -1)/(-15) + (-24)/(-20). Let d(a) = 6*a**2 + a + 1. Let g(z) = -12*z**2 - 3*z - 2. Let t(u) = 7*d(u) + 3*g(u). What is t(k)?
5
Let v(z) = 1 - 30 - z + 33. Calculate v(4).
0
Let o = -26 + 35. Let p(c) = -2 - 6*c - c**3 - 5 + 3*c**2 - o*c**2. What is p(-5)?
-2
Let f = -1897 - -1891. Let b(z) = -2*z - 1. Let x(m) = m + 1. Let r(o) = -2*b(o) - 5*x(o). Calculate r(f).
3
Let z(f) be the third derivative of -f**5/60 + 7*f**4/12 + 7*f**2. Let j be z(14). Let s(w) = -w**3 + w - 15. What is s(j)?
-15
Let x(z) = -z**3 + 3*z**2 + 3*z - 3. Suppose -12 = l + 4. Let v = -7 - l. Suppose -2*q - q = -v. Calculate x(q).
6
Let k = 1 - -2. Let m(w) = w**3 - 24 + 157*w - 160*w - 4*w**2 - 29 + 56. Determine m(k).
-15
Let i(s) = 7 - 3 - 6 - 17 + s. Determine i(0).
-19
Let z(w) be the second derivative of w**4/4 + 3*w**3 + 7*w**2/2 + w + 22. Give z(-6).
7
Let z(i) = 3*i**2 - 4*i + 7. Let a(g) = -g**2 + 4. Let c(x) = -a(x) + z(x). Give c(3).
27
Let t be -4 + 3 + 0 + 4. Let r(i) = 2*i + 1. Let d(k) = 5*k + 3. Let c(m) = 15*m + 9. Let b(s) = -3*c(s) + 8*d(s). Let j(u) = t*b(u) + 8*r(u). Calculate j(3).
2
Let o(n) = -n**3 + 7*n**2 - 5*n + 2. Let j(i) = 5*i - 15. Let h be j(7). Suppose -h = -2*d + 40. Suppose -d = -4*g - g. Give o(g).
8
Let a(p) = 7*p**2 - 110*p - 26. Let k be a(16). Let q(z) = -z + 15. Calculate q(k).
9
Let n(u) = 2 + 0*u + 0*u + u - 3*u. Let t be -5 + 3 + ((-2)/(-1) - 6). Calculate n(t).
14
Let q(r) = 3*r**2 + 4*r + 3. Let b be q(-2). Let s(l) be the third derivative of l**5/60 - l**4/3 + l**3 - l**2. Determine s(b).
-1
Let y(c) = -3*c + 0*c - 5 - 5*c - 1 - c**2. Calculate y(-9).
-15
Let a(j) be the second derivative of 2*j**2 + 0 + 1/3*j**3 - 30*j. Let w(r) = r**3 + 5*r**2 + 4*r - 3. Let o be w(-4). Give a(o).
-2
Let n be ((2 - 3)*1 + 2)/(-1). Let r(b) be the second derivative of -7*b**4/24 + b**3/6 - b**2/2 + 3*b. Let f(u) be the first derivative of r(u). What is f(n)?
8
Let h(a) = -38 + a**2 - 22*a - 83 + 104. Give h(23).
6
Let x(h) = -h**2 + 4*h + 24. Let o be x(8). Let p(k) = -7*k**3 + k**2 + 3*k + 7. Let n(s) = -11*s**3 + s**2 + 4*s + 11. Let j(d) = o*p(d) + 5*n(d). Give j(4).
-1
Let f be 574/615 - 2/(-30). Let m(p) = 20*p**3 - p**2 + p - 1. Determine m(f).
19
Let l(g) = g + 6. Let o(m) = m**3 + 9*m**2 - 5. Suppose 3*r - 15 = 2*z, -r - r + 25 = -3*z. Let p be o(z). Calculate l(p).
1
Let a(g) be the first derivative of g**4/4 + 4*g**3/3 - 3*g**2 - 4*g + 139. Give a(-5).
1
Let q(f) = f**2 - 2. Let x(b) = b + 7. Suppose -4 - 32 = 4*u. Let j be x(u). What is q(j)?
2
Let j(h) = -h**3 - 5*h**2 + 2*h - 4. Let c = 864 - 869. Calculate j(c).
-14
Let y(m) = -16*m + 9*m + 0*m + 5*m. What is y(2)?
-4
Let s(h) = h**3 + 6*h**2 + h - 3. Let p = -887 - -883. What is s(p)?
25
Let h(w) = -5*w - 3. Let y(t) = -10*t - 5. Let z(i) = 7*h(i) - 4*y(i). Let d be z(-5). Let l be 4/d + (-72)/39. Let o(r) = -2*r**2 - 2*r - 2. Give o(l).
-6
Let t(q) = 2*q + 8. Let s(a) = -7 - 6 - 3*a + 1. Let v(l) = -5*s(l) - 8*t(l). Let c(k) = 7*k**3 - k**2 + k - 1. Let g be c(1). Give v(g).
-10
Let l = -35 - -36. Let m(h) = -71*h + h**3 - 76*h + 146*h - l. Let o be -2*(1 - 0) - -1. Determine m(o).
-1
Let d(i) = i**2. Let g = -42 + 43. Let m(f) = -4*f**2 - 7*f - 4. Let p(z) = g*m(z) + 5*d(z). Determine p(6).
-10
Let l(a) be the third derivative of a**4/8 - 5*a**3/6 - 8*a**2. Let j(d) = 5*d - 9. Let p(v) = 4*j(v) - 7*l(v). Let h = 16 + -11. Give p(h).
-6
Let d(i) = -2*i - 20. Let r(n) = n + 13. Let o(w) = -5*d(w) - 8*r(w). Let v = -7 - 44. Let q = -48 - v. Give o(q).
2
Let r(s) = 4*s**2 + 4*s**3 + 3*s - 2*s**3 - 3*s**3. Let d be ((-3)/(-4))/(402/2680). Give r(d).
-10
Let q(f) = -7*f**3 + 15*f**2 - 13*f + 7. Let o(t) = 13*t**2 - 6*t - 6*t**2 + 0*t**3 + 4 + 0*t**3 - 3*t**3. Let x(k) = 5*o(k) - 2*q(k). Calculate x(5).
-14
Suppose 5*b = 5*k - 7*k + 286, 4*k + 240 = 4*b. Let y = -53 + b. Let p(s) = s**2 - 4*s - 3. Determine p(y).
2
Let n(c) = c**2 + c. Let t(j) = -6*j**2 - 7*j. Suppose 0 = 3*k - 3. Let i(u) = k*t(u) + 4*n(u). Suppose 2*f = y - 14 + 6, -6 = -3*f - 3*y. Calculate i(f).
-2
Let b be (-99)/55*-10*(-3)/(-9). Let f(y) = -y**2 + 7*y - 8. Calculate f(b).
-2
Let r(l) be the third derivative of -l**4/24 + 10*l**3/3 + 575*l**2. What is r(13)?
7
Let z = 8 + 0. Let l(g) = -2*g - 73 + 73. Calculate l(z).
-16
Let i(y) = y**3 - 8*y + 7*y + 2 + 4*y**2 - 5. Suppose -6*j - j - 28 = 0. What is i(j)?
1
Let x(o) = -o**2 + 7*o - 2. Let l(z) = -z**2 - 7*z - 3. Let d be l(-5). Determine x(d).
-2
Let n(z) be the third derivative of -z**5/30 + 7*z**4/8 + z**3/6 - 136*z**2. Determine n(11).
-10
Let o(h) = -h + 8. Let c(g) = 4*g**3 + 3*g**2 - g - 2. Let u be c(1). Give o(u).
4
Let t = -13 - -15. Let a(i) = i**t + 13*i - 10 - 6*i + 18. Give a(-7).
8
Let q be (-11)/(308/144)*-21. Let b be 4/(-10) - q/(-20). Let g(s) = s - 6. Determine g(b).
-1
Let w(k) = -k**2 - 5*k + 3. Suppose 21*y = 31*y + 90. What is w(y)?
-33
Let c(q) = q**2 + 11*q. Let z be c(-10). Let t = -12 - z. Let m(h) be the third derivative of -h**5/60 - h**4/8 - h**3/3 - 6*h**2. Give m(t).
0
Let z(w) be the first derivative of 1/2*w**3 - 12*w + 9 - 1/2*w**2. Let y(v) be the first derivative of z(v). Determine y(1).
2
Let x(w) be the second derivative of -2*w + 1/12*w**4 - 2*w**3 + 3 + 6*w**2. Calculate x(10).
-8
Let n(r) = -3*r + 4. Suppose 3*a + 2*k = -2*a, -2*k = 2*a + 6. Let c be (-2)/(-6)*-2*-6. Suppose 0 = -a*i + d + 4, 0*i + c*i = d + 12. Give n(i).
-8
Let m(o) = -2*o + 16. Let q be m(7). Let w(x) = -x**3 + 4*x - 4 - 3 - 4 + 5 + 3*x**q. Calculate w(4).
-6
Let i(o) = 29*o. Suppose 0 = 10*f + 305 - 295. Calculate i(f).
-29
Let d be (39/(-52))/((-9)/24). Let l(a) = 7*a - 5. Calculate l(d).
9
Suppose -s + 117 = 121. Let j(t) = t**3 - 11*t + 3. What is j(s)?
-17
Let y be (-96)/52 - -3 - 6/39. Let l(g) = -54*g + g**2 + 8 + 95*g - y - 49*g. What is l(6)?
-5
Let m(s) be the third derivative of 1/12*s**4 + 0*s + 28*s**2 + 0 + s**3. Determine m(-5).
-4
Let y(f) = -f**2 - 86*f + 180. Let w be y(2). Let i(z) be the third derivative of 0*z + 0 + 4/3*z**3 - 10*z**2 - 1/24*z**w. Give i(0).
8
Let x(h) = -h**2 + h + 4. Let m(c) = -c**3 - 8*c**2 - 12*c + 3. Let v be m(-6). Determine x(v).
-2
Let n(d) = -d**2 - 6*d - 9. Let m = -323 - -316. Calculate n(m).
-16
Let f(s) = s**2 + 7*s - 12. Let m be f(-9). Let z(n) be the first derivative of n**4/4 - 2*n**3 - n**2/2 - 3*n - 15. Determine z(m).
-9
Let t = 68 + -63. Suppose -t*s - 1 + 1 = 0. Let y(m) = -m + 12. Give y(s).
12
Let z(f) = -f - 3. Let c be (-5)/((-10)/(-4)) + (-41 - -37). Give z(c).
3
Let m(d) be the first derivative of 4*d**2 - 5/24*d**4 + 0*d - 10 - 5/6*d**3 - 1/60*d**5. Let c(a) be the second derivative of m(a). Calculate c(-4).
-1
Suppose 13 = 5*k - 4*y, -k + 5*y - 4*y = -3. Let o(d) = 6*d + 0 + 1 + 7*d. What is o(k)?
14
Let c(n) = -5*n**2 - 11*n - 9. Suppose -3*r - 4*v = 5 - 1, -24 = -2*r + 4*v. Let l(y) = 11*y**2 + 23*y + 19. Let t(g) = r*l(g) + 9*c(g). What is t(-5)?
5
Let y(h) be the third derivative of 19*h**2 + 1/6*h**3 + 0*h - 1/120*h**6 - 1/8*h**4 + 0 + 1/30*h**5. Determine y(2).
-5
Let q(t) = -4 + t**3 - t**2 + t**2 - 3*t**2 - t. Suppose 0 = -2*i - 6, -5*i - 8 = -3*k + 19. Give q(k).
8
Let l(q) = -7*q - 1. Suppose -2*g - 6*c + 9*c = 8, -3*g = -5*c + 14. What is l(g)?
-15
Let t(z) = 3*z**2 + 3*z - 37. Let x(p) = p**2 + p - 1. Let v(m) = t(m) - 4*x(m). Calculate v(0).
-33
Let u(h) = 39 + h - 71 + 26. Suppose x + 3*j - 4 = -0*j, 3*x + 28 = j. Calculate u(x).
-14
Let i(j) = 4*j - 2. Let d(p) = -p - 1. Let l(x) = 3*d(x) + i(x). Suppose 5*v = k, -2*k + 7*v = 2*v. Suppose 5*z + 16 - 46 = k. Give l(z).
1
Let v be 15 - (-10 + 22 + 0). Let s(r) = -2*r**3 + r**2 + 3*r**2 + r**3 - 3*r. What is s(v)?
0
Let p(a) = 7*a**2 + a. Suppose -75*l - 13 = -76